{"id":32,"date":"2019-11-11T11:14:15","date_gmt":"2019-11-11T10:14:15","guid":{"rendered":"https:\/\/www.dbrady.at\/raetiae\/?page_id=32"},"modified":"2024-07-09T09:18:21","modified_gmt":"2024-07-09T07:18:21","slug":"seit-1999","status":"publish","type":"page","link":"https:\/\/www.raetia.net\/it\/seit-1999\/","title":{"rendered":"C'era una volta ..."},"content":{"rendered":"<p class=\"has-text-align-center\"><strong>2024<\/strong><br>25 anni ass. culturale arcus raetiae<\/p>\n\n\n\n<figure class=\"wp-block-embed is-type-video is-provider-youtube wp-block-embed-youtube wp-embed-aspect-16-9 wp-has-aspect-ratio\"><div class=\"wp-block-embed__wrapper\">\n<iframe loading=\"lazy\" title=\"RAI-S\u00fcdtirol zum 25sten Geburtstag des Kulturvereins arcus raetiae\" width=\"1200\" height=\"675\" src=\"https:\/\/www.youtube.com\/embed\/PLU_i7szZ38?feature=oembed\" frameborder=\"0\" allow=\"accelerometer; autoplay; clipboard-write; encrypted-media; gyroscope; picture-in-picture; web-share\" referrerpolicy=\"strict-origin-when-cross-origin\" allowfullscreen><\/iframe>\n<\/div><figcaption class=\"wp-element-caption\">RAI-S\u00fcdtirol zum 25sten Geburtstag des Kulturvereins arcus raetiae<\/figcaption><\/figure>\n\n\n\n<p class=\"has-text-align-center\"><strong>Istituto per il miglioramento della condizione<\/strong>una selezione<br>Lebensbaum-Lebensraum-Lebenstraum, Dinkel &amp; D\u00fcnkel, Carea-Bedarfswirtschaft<br><strong>Perch\u00e9 fa bene<\/strong>una selezione<br>F\u00fcr wenn sich fremde Kulturen begegnen-Karin Nagkawa &amp; Jon Sass, neol\u00e4ndler, Sei dein Ton, Jodula und Johannes B\u00e4r, Ciuma Trio<br><strong>ade <\/strong>- Archivio dei ricordi: interviste al sabato<br><strong>astra arte<\/strong> &#8211; letzte Erweiterung Himmelsscheibe F\u00fchrungen<br><strong>Biblioteca<\/strong> - La memoria dell'Europa: letture domenicali<\/p>\n\n\n\n<p class=\"has-text-align-center\"><strong>2023<br>Istituto per il miglioramento della condizione<\/strong>una selezione<br>BAUSTELLE Demokratie, Bauen mit Lehm, \u00dcbernahme Bibliothek Das Ged\u00e4chtnis Europas, Schwester Stern, Stresswerkstatt, Wildbienen<br><strong>Perch\u00e9 fa bene<\/strong>una selezione<br>BrixTrix, David Frank, CD-Vorstellung ufbruuch mit Hiesix, das eine nicht ohne das andere, Matin\u00e8e mit Matthieu Gutbub, Stabile Saitenspr\u00fcnge, Plawenner Adventkalender, Silvester sei Dank<br><strong>ade<\/strong> &#8211; Archiv der Erinnerung<br><strong>astra arte<\/strong> \u2013 Erweiterung Himmelsscheibe<strong><br><br>2022<\/strong><br><strong>Istituto per il miglioramento della condizione<\/strong>una selezione<br>ab und zu braucht es einen Abstand zum Zustand<br><strong>Perch\u00e9 fa bene<\/strong>una selezione<br>Stefano Valla &amp; Daniele Scurati, neol\u00e4ndler, triOl\u00e8, Advent \u201922, Mediation <br>Estensione \"astra arte\"<br><strong>ade <\/strong>&#8211; Archiv der Erinnerung<br><strong>astra arte<\/strong> \u2013 Erweiterung Himmelsscheibe<br><br><strong>2021<\/strong><br><strong>Istituto per il miglioramento della condizione<\/strong>una selezione<br>Zirkus Corona x 12<br><strong>Perch\u00e9 fa bene<\/strong>una selezione<br>Gabriele Muscolino, BrixTrix, Donauwellenreiter, neol\u00e4ndler<br><strong>ade <\/strong>&#8211; Archiv der Erinnerung<br><strong>astra arte<\/strong> \u2013 Erweiterung Himmelsscheibe<\/p>\n\n\n\n<p class=\"has-text-align-center has-text-align-center\"><strong>2020<\/strong><br><strong>Istituto per il miglioramento della condizione<\/strong>una selezione<br>Il disordine mondiale, GSW - Global Synergetic Currency, VIVERI, Freyja x 9, Mandria<br><strong>Perch\u00e9 fa bene<\/strong>una selezione<br>Per gli 80 di Fabrizio De Andr\u00e8, Delta, Amazia, Quartissimo, Helmut Sprenger<br>Presentazioni di libri: Ulrich Ladurner - Il caso italiano, Hannah Brunner - Il segreto della scuola dei draghi<br><strong>ade <\/strong>&#8211; Archiv der Erinnerung<br><strong>astra arte<\/strong> \u2013 Erweiterung Himmelsscheibe<\/p>\n\n\n\n<p class=\"has-text-align-center has-text-align-center\"><strong>2019<\/strong><br><strong>Institut zur Verbesserung der Lage,<\/strong> eine Auswahl:<br>Seminarreihe Demokratie, Bodenkultur, Wildnis, Herde, 3I&nbsp; \u2026<br>Miriam Pobitzer (Buchvorstellung), Ulrich Ladurner (Buchvorstellung), Michel Babiano (Buchvorstellung)<br><strong>Weil\u2019s gut tut<\/strong>una selezione<br>Endlos Singen, 4 Jahreszeiten, die Stimmen der Amsel, Branko &amp; Franzisco, Donauwellenreiter, ein letztes Abendmahl, Jodeln, zur Faste, Der Lichttr\u00e4ger&nbsp; \u2026<br><strong>ade <\/strong>&#8211; Archiv der Erinnerung<strong><br>astra arte<\/strong> \u2013 Einrichtung Himmelsscheibe<br><strong>Existenzen, <\/strong>Reihe in unregelm\u00e4\u00dfigen Abst\u00e4nden<\/p>\n\n\n\n<p class=\"has-text-align-center has-text-align-center\"><strong>2018<\/strong><br><strong>Istituto per il miglioramento della condizione<\/strong>una selezione<br>Giornalismo e populismo, eseguire-erigere<br>Istinto-Intuizione-Intelletto, legge naturale e diritto umano ...<br>L'artigianato \u00e8 musica - la musica \u00e8 artigianato (conclusione)<strong><br>Weil\u2019s gut tut<\/strong>una selezione <br>Singen gegen den Wahnsinn, Georgien in Plawenn, Cant\u2019alma, Frauenquartett, Neol\u00e4ndler, nonsens, Triumph, unschuldige Kinder, Advent in Plawenn<br><strong>ade &#8211; Archiv der Erinnerung<\/strong><br><strong>Existenzen, <\/strong>Reihe in unregelm\u00e4\u00dfigen Abst\u00e4nden<br><br><strong>2017<\/strong><br>Apertura \"Archivio della memoria\"<br>Apertura \"Istituto per il miglioramento della condizione\"<br>\"Existenzen\", serie ad intervalli irregolari<\/p>\n\n\n\n<p class=\"has-text-align-center\"><\/p>\n\n\n\n<p class=\"has-text-align-center has-text-align-center\"><strong>2016<\/strong><br>Realizzazione del \"Centro di documentazione del triangolo retico\"<br>\"Existenzen\", serie ad intervalli irregolari<\/p>\n\n\n\n<p class=\"has-text-align-center has-text-align-center\"><strong>2015<\/strong><br>Pianificazione del centro di documentazione del triangolo<br>\"Existenzen\", serie ad intervalli irregolari<\/p>\n\n\n\n<p class=\"has-text-align-center has-text-align-center\"><strong>2014<\/strong><br>Laboratori musicali \"con fuoco\"<br>\"Existenzen\", serie ad intervalli irregolari<\/p>\n\n\n\n<p class=\"has-text-align-center has-text-align-center\"><strong>2013<\/strong><br>Laboratorio di musica \"con fuoco\"<br>\"Existenzen\", serie ad intervalli irregolari<\/p>\n\n\n\n<p class=\"has-text-align-center has-text-align-center\"><strong>2012<\/strong><br>Colazione serie \"Il cerchio di svolta\"<br>\"Existenzen\", serie ad intervalli irregolari<\/p>\n\n\n\n<p class=\"has-text-align-center has-text-align-center\"><strong>2011<\/strong><br>VIVA - Festival a Castel Tirolo<br>\"Existenzen\", serie ad intervalli irregolari<\/p>\n\n\n\n<p class=\"has-text-align-center has-text-align-center\"><strong>2010<\/strong><br>Festival <a href=\"http:\/\/alt.raetia.net\/xong\/xong.php\" target=\"_blank\" rel=\"noreferrer noopener\" aria-label=\"XONG (\u00f6ffnet in neuem Tab)\">XONG<\/a> - Spirito libero \/ il canto del Cigno<br>(<a href=\"https:\/\/www.raetia.net\/wp-content\/uploads\/Panoramica-di-XONG.pdf\" target=\"_blank\" rel=\"noreferrer noopener\" aria-label=\"PDF: Festival XONG \u00dcbersicht 1999 - 2010 (\u00f6ffnet in neuem Tab)\">PDF: XONG Panoramica 1999 - 2010<\/a>)<br>Satellite XONG ad Appiano presso Bolzano<br><a href=\"http:\/\/freigeist.raetia.net\/\" target=\"_blank\" rel=\"noreferrer noopener\" aria-label=\"Freigeistiges t\u00e4glich (\u00f6ffnet in neuem Tab)\">Libero e vivace ogni giorno<\/a><\/p>\n\n\n\n<p class=\"has-text-align-center has-text-align-center\"><strong>2009<\/strong><br>Festival <a href=\"http:\/\/alt.raetia.net\/xong\/xong.php?Sel=2530\" target=\"_blank\" rel=\"noreferrer noopener\" aria-label=\"XONG (\u00f6ffnet in neuem Tab)\">XONG<\/a> - litigare<br>Satellite XONG ad Appiano presso Bolzano<br>COSTRUZIONE: Rimpatriati ed eremiti<br>Studio MCI sull'impatto economico del Festival XONG<\/p>\n\n\n\n<p class=\"has-text-align-center has-text-align-center\"><strong>2008<\/strong><br>Festival <a href=\"http:\/\/alt.raetia.net\/xong\/xong.php?Sel=2193\" target=\"_blank\" rel=\"noreferrer noopener\" aria-label=\"XONG (\u00f6ffnet in neuem Tab)\">XONG<\/a> - La natura guarisce<br>Satellite XONG ad Appiano presso Bolzano<br>Mercati San Giorgio e San Gallo<br>COSTRUZIONE: Ensemble<br>Simposio \"Turismo culturale\"<br>Serie di seminari SICHTweisen<br>Triangolo - Concetto per una rivista nella regione del confine tra A\/ I \/ CH<br>Danza della corda - progetto scolastico nel triangolo di confine<\/p>\n\n\n\n<p class=\"has-text-align-center has-text-align-center\"><strong>2007<\/strong><br>Festival <a href=\"http:\/\/alt.raetia.net\/xong\/xong.php?Sel=1908\" target=\"_blank\" rel=\"noreferrer noopener\" aria-label=\"XONG (\u00f6ffnet in neuem Tab)\">XONG<\/a> - fatto a mano<br>Mercati San Giorgio e San Gallo<br>COSTRUZIONE: Architettura tra vincolo e gioco<br>Simposio \"Niente formaggio senza cultura\"<br>Mappa del triangolo di confine<br>Sul treno del tempo<\/p>\n\n\n\n<p class=\"has-text-align-center has-text-align-center\"><strong>2006<\/strong><br>Festival <a href=\"http:\/\/alt.raetia.net\/xong\/xong.php?Sel=1652\" target=\"_blank\" rel=\"noreferrer noopener\" aria-label=\"XONG (\u00f6ffnet in neuem Tab)\">XONG<\/a> - cicli<br>Mercati San Giorgio e San Gallo<br>COSTRUZIONE: Architettura tra vincolo e gioco<br>Concorso Locanda<\/p>\n\n\n\n<p class=\"has-text-align-center has-text-align-center\"><strong>2005<\/strong><br>Festival <a href=\"http:\/\/alt.raetia.net\/xong\/xong.php?Sel=1436\" target=\"_blank\" rel=\"noreferrer noopener\" aria-label=\"XONG (\u00f6ffnet in neuem Tab)\">XONG<\/a> - Il potere della terra<br>Mercati San Giorgio e San Gallo<br>Simposio \"La Chiesa nella regione di confine\"<br>Concorso Locanda<\/p>\n\n\n\n<p class=\"has-text-align-center has-text-align-center\"><strong>2004<\/strong><br>Festival <a href=\"http:\/\/alt.raetia.net\/xong\/xong.php?Sel=1002\" target=\"_blank\" rel=\"noreferrer noopener\" aria-label=\"XONG (\u00f6ffnet in neuem Tab)\">XONG<\/a> - paes-aggio<br>Mercati San Giorgio e San Gallo<\/p>\n\n\n\n<p class=\"has-text-align-center has-text-align-center\"><strong>2003<\/strong><br>Festival <a href=\"http:\/\/alt.raetia.net\/xong\/xong.php?Sel=291\" target=\"_blank\" rel=\"noreferrer noopener\" aria-label=\" (\u00f6ffnet in neuem Tab)\">XONG<\/a> - da dove e per dove<br>Nuova introduzione del mercato San Giorgio<br>Restrutturazione mercato San Gallo<\/p>\n\n\n\n<p class=\"has-text-align-center has-text-align-center\"><strong>2002<\/strong><br>Festival <a href=\"http:\/\/alt.raetia.net\/xong\/xong.php?Sel=449\" target=\"_blank\" rel=\"noreferrer noopener\" aria-label=\"XONG (\u00f6ffnet in neuem Tab)\">XONG<\/a> - Mondo delle valli, della gente e della musica<br>Restrutturazione mercato San Gallo<\/p>\n\n\n\n<p class=\"has-text-align-center has-text-align-center\"><strong>2001<\/strong><br>Festival XONG - musica d'osteria, ottoni e donne<br>Restrutturazione mercato San Gallo<\/p>\n\n\n\n<p class=\"has-text-align-center has-text-align-center\"><strong>2000<\/strong><br>Festival XONG - Musica popolare dalle regioni di confine<br>Simposio \"La Chiesa nella regione di confine\"<br>COSTRUZIONE: Architettura e identit\u00e0 regionale<br>Restrutturazione mercato San Gallo<\/p>\n\n\n\n<p class=\"has-text-align-center has-text-align-center\"><strong>1999<\/strong><br>Festival XONG - Musica popolare dalle regioni di confine<br>Revival mercato San Gallo<\/p>","protected":false},"excerpt":{"rendered":"","protected":false},"author":1,"featured_media":0,"parent":0,"menu_order":0,"comment_status":"closed","ping_status":"closed","template":"","meta":{"footnotes":""},"class_list":{"0":"post-32","1":"page","2":"type-page","3":"status-publish","5":"no-featured-image-padding"},"_links":{"self":[{"href":"https:\/\/www.raetia.net\/it\/wp-json\/wp\/v2\/pages\/32","targetHints":{"allow":["GET"]}}],"collection":[{"href":"https:\/\/www.raetia.net\/it\/wp-json\/wp\/v2\/pages"}],"about":[{"href":"https:\/\/www.raetia.net\/it\/wp-json\/wp\/v2\/types\/page"}],"author":[{"embeddable":true,"href":"https:\/\/www.raetia.net\/it\/wp-json\/wp\/v2\/users\/1"}],"replies":[{"embeddable":true,"href":"https:\/\/www.raetia.net\/it\/wp-json\/wp\/v2\/comments?post=32"}],"version-history":[{"count":51,"href":"https:\/\/www.raetia.net\/it\/wp-json\/wp\/v2\/pages\/32\/revisions"}],"predecessor-version":[{"id":6017,"href":"https:\/\/www.raetia.net\/it\/wp-json\/wp\/v2\/pages\/32\/revisions\/6017"}],"wp:attachment":[{"href":"https:\/\/www.raetia.net\/it\/wp-json\/wp\/v2\/media?parent=32"}],"curies":[{"name":"wp","href":"https:\/\/api.w.org\/{rel}","templated":true}]}}

<p class="has-text-align-center"><strong>2024</strong><br>25 anni ass. culturale arcus raetiae</p>



<figure class="wp-block-embed is-type-video is-provider-youtube wp-block-embed-youtube wp-embed-aspect-16-9 wp-has-aspect-ratio"><div class="wp-block-embed__wrapper">
<iframe loading="lazy" title="RAI-Südtirol zum 25sten Geburtstag des Kulturvereins arcus raetiae" width="1200" height="675" src="https://www.youtube.com/embed/PLU_i7szZ38?feature=oembed" frameborder="0" allow="accelerometer; autoplay; clipboard-write; encrypted-media; gyroscope; picture-in-picture; web-share" referrerpolicy="strict-origin-when-cross-origin" allowfullscreen></iframe>
</div><figcaption class="wp-element-caption">RAI-Südtirol zum 25sten Geburtstag des Kulturvereins arcus raetiae</figcaption></figure>



<p class="has-text-align-center"><strong>Istituto per il miglioramento della condizione</strong>una selezione<br>Lebensbaum-Lebensraum-Lebenstraum, Dinkel &amp; Dünkel, Carea-Bedarfswirtschaft<br><strong>Perché fa bene</strong>una selezione<br>Für wenn sich fremde Kulturen begegnen-Karin Nagkawa &amp; Jon Sass, neoländler, Sei dein Ton, Jodula und Johannes Bär, Ciuma Trio<br><strong>ade </strong>- Archivio dei ricordi: interviste al sabato<br><strong>astra arte</strong> &#8211; letzte Erweiterung Himmelsscheibe Führungen<br><strong>Biblioteca</strong> - La memoria dell'Europa: letture domenicali</p>



<p class="has-text-align-center"><strong>2023<br>Istituto per il miglioramento della condizione</strong>una selezione<br>BAUSTELLE Demokratie, Bauen mit Lehm, Übernahme Bibliothek Das Gedächtnis Europas, Schwester Stern, Stresswerkstatt, Wildbienen<br><strong>Perché fa bene</strong>una selezione<br>BrixTrix, David Frank, CD-Vorstellung ufbruuch mit Hiesix, das eine nicht ohne das andere, Matinèe mit Matthieu Gutbub, Stabile Saitensprünge, Plawenner Adventkalender, Silvester sei Dank<br><strong>ade</strong> &#8211; Archiv der Erinnerung<br><strong>astra arte</strong> – Erweiterung Himmelsscheibe<strong><br><br>2022</strong><br><strong>Istituto per il miglioramento della condizione</strong>una selezione<br>ab und zu braucht es einen Abstand zum Zustand<br><strong>Perché fa bene</strong>una selezione<br>Stefano Valla &amp; Daniele Scurati, neoländler, triOlè, Advent ’22, Mediation <br>Estensione "astra arte"<br><strong>ade </strong>&#8211; Archiv der Erinnerung<br><strong>astra arte</strong> – Erweiterung Himmelsscheibe<br><br><strong>2021</strong><br><strong>Istituto per il miglioramento della condizione</strong>una selezione<br>Zirkus Corona x 12<br><strong>Perché fa bene</strong>una selezione<br>Gabriele Muscolino, BrixTrix, Donauwellenreiter, neoländler<br><strong>ade </strong>&#8211; Archiv der Erinnerung<br><strong>astra arte</strong> – Erweiterung Himmelsscheibe</p>



<p class="has-text-align-center has-text-align-center"><strong>2020</strong><br><strong>Istituto per il miglioramento della condizione</strong>una selezione<br>Il disordine mondiale, GSW - Global Synergetic Currency, VIVERI, Freyja x 9, Mandria<br><strong>Perché fa bene</strong>una selezione<br>Per gli 80 di Fabrizio De Andrè, Delta, Amazia, Quartissimo, Helmut Sprenger<br>Presentazioni di libri: Ulrich Ladurner - Il caso italiano, Hannah Brunner - Il segreto della scuola dei draghi<br><strong>ade </strong>&#8211; Archiv der Erinnerung<br><strong>astra arte</strong> – Erweiterung Himmelsscheibe</p>



<p class="has-text-align-center has-text-align-center"><strong>2019</strong><br><strong>Institut zur Verbesserung der Lage,</strong> eine Auswahl:<br>Seminarreihe Demokratie, Bodenkultur, Wildnis, Herde, 3I&nbsp; …<br>Miriam Pobitzer (Buchvorstellung), Ulrich Ladurner (Buchvorstellung), Michel Babiano (Buchvorstellung)<br><strong>Weil’s gut tut</strong>una selezione<br>Endlos Singen, 4 Jahreszeiten, die Stimmen der Amsel, Branko &amp; Franzisco, Donauwellenreiter, ein letztes Abendmahl, Jodeln, zur Faste, Der Lichtträger&nbsp; …<br><strong>ade </strong>&#8211; Archiv der Erinnerung<strong><br>astra arte</strong> – Einrichtung Himmelsscheibe<br><strong>Existenzen, </strong>Reihe in unregelmäßigen Abständen</p>



<p class="has-text-align-center has-text-align-center"><strong>2018</strong><br><strong>Istituto per il miglioramento della condizione</strong>una selezione<br>Giornalismo e populismo, eseguire-erigere<br>Istinto-Intuizione-Intelletto, legge naturale e diritto umano ...<br>L'artigianato è musica - la musica è artigianato (conclusione)<strong><br>Weil’s gut tut</strong>una selezione <br>Singen gegen den Wahnsinn, Georgien in Plawenn, Cant’alma, Frauenquartett, Neoländler, nonsens, Triumph, unschuldige Kinder, Advent in Plawenn<br><strong>ade &#8211; Archiv der Erinnerung</strong><br><strong>Existenzen, </strong>Reihe in unregelmäßigen Abständen<br><br><strong>2017</strong><br>Apertura "Archivio della memoria"<br>Apertura "Istituto per il miglioramento della condizione"<br>"Existenzen", serie ad intervalli irregolari</p>



<p class="has-text-align-center"></p>



<p class="has-text-align-center has-text-align-center"><strong>2016</strong><br>Realizzazione del "Centro di documentazione del triangolo retico"<br>"Existenzen", serie ad intervalli irregolari</p>



<p class="has-text-align-center has-text-align-center"><strong>2015</strong><br>Pianificazione del centro di documentazione del triangolo<br>"Existenzen", serie ad intervalli irregolari</p>



<p class="has-text-align-center has-text-align-center"><strong>2014</strong><br>Laboratori musicali "con fuoco"<br>"Existenzen", serie ad intervalli irregolari</p>



<p class="has-text-align-center has-text-align-center"><strong>2013</strong><br>Laboratorio di musica "con fuoco"<br>"Existenzen", serie ad intervalli irregolari</p>



<p class="has-text-align-center has-text-align-center"><strong>2012</strong><br>Colazione serie "Il cerchio di svolta"<br>"Existenzen", serie ad intervalli irregolari</p>



<p class="has-text-align-center has-text-align-center"><strong>2011</strong><br>VIVA - Festival a Castel Tirolo<br>"Existenzen", serie ad intervalli irregolari</p>



<p class="has-text-align-center has-text-align-center"><strong>2010</strong><br>Festival <a href="http://alt.raetia.net/xong/xong.php" target="_blank" rel="noreferrer noopener" aria-label="XONG (öffnet in neuem Tab)">XONG</a> - Spirito libero / il canto del Cigno<br>(<a href="https://www.raetia.net/wp-content/uploads/Panoramica-di-XONG.pdf" target="_blank" rel="noreferrer noopener" aria-label="PDF: Festival XONG Übersicht 1999 - 2010 (öffnet in neuem Tab)">PDF: XONG Panoramica 1999 - 2010</a>)<br>Satellite XONG ad Appiano presso Bolzano<br><a href="http://freigeist.raetia.net/" target="_blank" rel="noreferrer noopener" aria-label="Freigeistiges täglich (öffnet in neuem Tab)">Libero e vivace ogni giorno</a></p>



<p class="has-text-align-center has-text-align-center"><strong>2009</strong><br>Festival <a href="http://alt.raetia.net/xong/xong.php?Sel=2530" target="_blank" rel="noreferrer noopener" aria-label="XONG (öffnet in neuem Tab)">XONG</a> - litigare<br>Satellite XONG ad Appiano presso Bolzano<br>COSTRUZIONE: Rimpatriati ed eremiti<br>Studio MCI sull'impatto economico del Festival XONG</p>



<p class="has-text-align-center has-text-align-center"><strong>2008</strong><br>Festival <a href="http://alt.raetia.net/xong/xong.php?Sel=2193" target="_blank" rel="noreferrer noopener" aria-label="XONG (öffnet in neuem Tab)">XONG</a> - La natura guarisce<br>Satellite XONG ad Appiano presso Bolzano<br>Mercati San Giorgio e San Gallo<br>COSTRUZIONE: Ensemble<br>Simposio "Turismo culturale"<br>Serie di seminari SICHTweisen<br>Triangolo - Concetto per una rivista nella regione del confine tra A/ I / CH<br>Danza della corda - progetto scolastico nel triangolo di confine</p>



<p class="has-text-align-center has-text-align-center"><strong>2007</strong><br>Festival <a href="http://alt.raetia.net/xong/xong.php?Sel=1908" target="_blank" rel="noreferrer noopener" aria-label="XONG (öffnet in neuem Tab)">XONG</a> - fatto a mano<br>Mercati San Giorgio e San Gallo<br>COSTRUZIONE: Architettura tra vincolo e gioco<br>Simposio "Niente formaggio senza cultura"<br>Mappa del triangolo di confine<br>Sul treno del tempo</p>



<p class="has-text-align-center has-text-align-center"><strong>2006</strong><br>Festival <a href="http://alt.raetia.net/xong/xong.php?Sel=1652" target="_blank" rel="noreferrer noopener" aria-label="XONG (öffnet in neuem Tab)">XONG</a> - cicli<br>Mercati San Giorgio e San Gallo<br>COSTRUZIONE: Architettura tra vincolo e gioco<br>Concorso Locanda</p>



<p class="has-text-align-center has-text-align-center"><strong>2005</strong><br>Festival <a href="http://alt.raetia.net/xong/xong.php?Sel=1436" target="_blank" rel="noreferrer noopener" aria-label="XONG (öffnet in neuem Tab)">XONG</a> - Il potere della terra<br>Mercati San Giorgio e San Gallo<br>Simposio "La Chiesa nella regione di confine"<br>Concorso Locanda</p>



<p class="has-text-align-center has-text-align-center"><strong>2004</strong><br>Festival <a href="http://alt.raetia.net/xong/xong.php?Sel=1002" target="_blank" rel="noreferrer noopener" aria-label="XONG (öffnet in neuem Tab)">XONG</a> - paes-aggio<br>Mercati San Giorgio e San Gallo</p>



<p class="has-text-align-center has-text-align-center"><strong>2003</strong><br>Festival <a href="http://alt.raetia.net/xong/xong.php?Sel=291" target="_blank" rel="noreferrer noopener" aria-label=" (öffnet in neuem Tab)">XONG</a> - da dove e per dove<br>Nuova introduzione del mercato San Giorgio<br>Restrutturazione mercato San Gallo</p>



<p class="has-text-align-center has-text-align-center"><strong>2002</strong><br>Festival <a href="http://alt.raetia.net/xong/xong.php?Sel=449" target="_blank" rel="noreferrer noopener" aria-label="XONG (öffnet in neuem Tab)">XONG</a> - Mondo delle valli, della gente e della musica<br>Restrutturazione mercato San Gallo</p>



<p class="has-text-align-center has-text-align-center"><strong>2001</strong><br>Festival XONG - musica d'osteria, ottoni e donne<br>Restrutturazione mercato San Gallo</p>



<p class="has-text-align-center has-text-align-center"><strong>2000</strong><br>Festival XONG - Musica popolare dalle regioni di confine<br>Simposio "La Chiesa nella regione di confine"<br>COSTRUZIONE: Architettura e identità regionale<br>Restrutturazione mercato San Gallo</p>



<p class="has-text-align-center has-text-align-center"><strong>1999</strong><br>Festival XONG - Musica popolare dalle regioni di confine<br>Revival mercato San Gallo</p>
